Determine h(77).
176
Let p(i) = 1052*i - 13684. Give p(13).
-8
Let v(w) = -w**3 + 11*w**2 - 53*w + 369. Give v(10).
-61
Let n(i) = -i**3 - 2*i**2 + 28*i - 9. Calculate n(0).
-9
Let g(v) = -2*v**2 + 30*v + 113. Give g(-5).
-87
Let a(y) = -y**3 + 3*y**2 - 10*y + 104. Give a(5).
4
Let c(u) = -893*u - 8911. Calculate c(-10).
19
Let h(b) = -5*b**3 - 139*b**2 + 23*b + 115. Calculate h(-28).
255
Let b(i) = 865*i - 2650. Calculate b(3).
-55
Let b(a) = -81*a + 1980. Calculate b(20).
360
Let k(s) = -18301*s + 475821. Calculate k(26).
-5
Let g(r) = -2*r**2 + 57*r + 48733. Calculate g(171).
-2
Let f(c) = c**3 - 76*c**2 - 682*c + 826. Determine f(84).
-14
Let r(t) = -3*t**3 - 20*t + 19. Give r(1).
-4
Let w(q) = 626*q - 45699. Determine w(73).
-1
Let g(w) = -w**2 + 724*w - 14084. Calculate g(20).
-4
Let h(c) = -c**3 + 46*c**2 - 16*c + 643. Determine h(46).
-93
Let o(f) = 18*f + 561. Determine o(-31).
3
Let n(t) = 51*t - 47. Give n(-5).
-302
Let f(p) = -180*p - 3965. What is f(-22)?
-5
Let c(q) = 3*q**3 + 8*q**2 + 19*q + 41. What is c(-4)?
-99
Let v(t) = t**2 - 285. Calculate v(-17).
4
Let j(b) = b**2 - 10252*b - 51289. What is j(-5)?
-4
Let l(y) = -3*y**2 + 312*y + 1227. Calculate l(-4).
-69
Let h(z) = -15*z - 434. Calculate h(-28).
-14
Let j(y) = y**2 + 6*y - 82. Calculate j(-11).
-27
Let z(v) = v**2 - 51*v + 82. Determine z(50).
32
Let b(q) = 87*q + 778. Give b(-9).
-5
Let h(d) = d**3 + 21*d**2 - 196*d + 2. What is h(7)?
2
Let o(t) = 184*t + 611. What is o(-6)?
-493
Let v(m) = m**2 - 4*m - 46. Determine v(-7).
31
Let h(r) = 128*r - 1750. Give h(14).
42
Let k(x) = 175*x + 31. What is k(1)?
206
Let i(v) = -939*v + 3843. Determine i(4).
87
Let t(p) = -51*p + 823. Give t(17).
-44
Let b(k) = 2*k**3 + 7*k**2 - 12*k + 14. Calculate b(-5).
-1
Let w(c) = -9*c - 505. Determine w(-52).
-37
Let m(o) = 3*o**2 - 83*o + 51. Give m(27).
-3
Let q(z) = 6*z**2 - 5*z + 24. Give q(3).
63
Let f(a) = -2*a**3 + 127*a**2 + 62*a + 135. What is f(64)?
7
Let b(k) = -199*k**2 + 2. Determine b(-1).
-197
Let v(t) = 2*t**3 + 15*t**2 + 16*t - 4. What is v(-6)?
8
Let k(r) = r**3 + 17*r**2 + 40*r + 34. Give k(-9).
322
Let r(w) = -39*w - 754. Give r(-19).
-13
Let g(o) = o**3 + 5*o**2 - 8*o + 62. Determine g(-7).
20
Let d(y) = -10*y - 125. Calculate d(-7).
-55
Let a(p) = 23*p - 3757. Calculate a(163).
-8
Let j(d) = 3*d**2 + 32*d - 127. Give j(3).
-4
Let z(h) = h**3 + 81*h**2 + 84*h + 439. Calculate z(-80).
119
Let h(v) = 32*v**2 - 33*v - 63. What is h(-2)?
131
Let l(n) = n**3 - 18*n**2 + 793*n - 13197. Give l(17).
-5
Let d(k) = -2*k**3 - 14*k**2 - 62*k - 105. Determine d(-8).
519
Let v(p) = -4*p**2 - 14*p + 7. Give v(-4).
-1
Let s(n) = -n**3 - 16*n**2 - 41*n + 41. Give s(-14).
223
Let d(a) = 1351*a - 16191. What is d(12)?
21
Let q(s) = -8*s**2 - 4*s + 23. Determine q(5).
-197
Let z(i) = -i**3 - 70*i**2 + 20*i - 3810. Determine z(-71).
-189
Let x(a) = a**2 - 148*a + 442. Calculate x(3).
7
Let k(y) = -593*y + 61666. Calculate k(104).
-6
Let r(u) = -114*u + 2965. Determine r(26).
1
Let m(q) = 21*q**2 + 386*q - 21. Calculate m(-19).
226
Let z(x) = 635*x - 3742. Give z(6).
68
Let c(v) = -v**3 + 57*v**2 - 160*v - 111. Give c(54).
-3
Let t(j) = -j**3 - 11*j**2 + 12*j - 457. Calculate t(-14).
-37
Let r(u) = 101*u + 1374. Calculate r(-13).
61
Let p(s) = -s**2 + 51*s - 633. Give p(25).
17
Let f(l) = l**3 - 18*l**2 + 2*l + 23. What is f(18)?
59
Let a(t) = 750*t + 4177. Calculate a(-6).
-323
Let p(a) = -604*a + 3732. Determine p(6).
108
Let p(w) = -5*w**2 - 92*w - 45. Calculate p(-20).
-205
Let m(c) = 2*c**3 - 223*c**2 + 114*c - 314. What is m(111)?
19
Let y(j) = -90*j**2 + 185*j - 5. Give y(2).
5
Let k(y) = 14*y**2 - 279*y + 24. What is k(20)?
44
Let t(r) = 34*r - 214. Calculate t(7).
24
Let b(q) = 3*q**2 + 294*q + 6614. What is b(-63)?
-1
Let l(b) = b**3 - 19*b**2 - 35*b + 293. What is l(20)?
-7
Let k(j) = 2*j**3 + 26*j**2 + 26*j + 39. Calculate k(-12).
15
Let r(d) = -1088*d**3 + d**2 + 30*d + 30. Give r(-1).
1089
Let w(x) = -86*x + 3374. Calculate w(39).
20
Let k(s) = -81*s - 354. What is k(-6)?
132
Let k(b) = -4*b**3 + 115*b**2 + 20*b + 258. What is k(29)?
-3
Let w(o) = -114*o - 122. Give w(-4).
334
Let f(p) = 2*p**2 + 10*p - 22. Calculate f(2).
6
Let r(u) = u**3 - 111*u**2 + 514*u - 9195. What is r(107)?
7
Let d(t) = -t**3 - 9*t**2 - 22*t + 16. Determine d(0).
16
Let q(w) = -2*w**2 + 445*w + 6881. Determine q(237).
8
Let q(f) = -29*f - 308. Determine q(-11).
11
Let w(y) = 2*y**3 - 25*y**2 + 15*y - 5. Give w(11).
-203
Let d(t) = 17*t**2 - 67*t - 1. Calculate d(5).
89
Let u(c) = -5*c**2 - 35*c - 10. What is u(-9)?
-100
Let f(n) = n**2 - 6*n - 327. Calculate f(21).
-12
Let h(w) = w**3 + 9*w**2 - 6*w + 46. What is h(-10)?
6
Let g(m) = 2*m**3 + 12*m**2 + 33*m + 25. Determine g(-6).
-173
Let r(w) = 16*w + 1093. Give r(-71).
-43
Let r(k) = -18*k**3 + 7*k**2 + 165*k + 165. Calculate r(-1).
25
Let g(t) = 267*t - 1491. Calculate g(7).
378
Let k(t) = 2*t**3 + 85*t**2 + 49*t + 147. Determine k(-42).
-147
Let h(x) = 3847*x - 19221. Determine h(5).
14
Let j(n) = n**3 - 2*n**2 + 12*n + 90. Determine j(-5).
-145
Let j(q) = 582*q + 2789. What is j(-5)?
-121
Let w(y) = -9*y**2 + 38*y + 81. Determine w(-2).
-31
Let r(m) = -m**2 + 7*m + 24. What is r(8)?
16
Let u(s) = -4*s**3 - 18*s**2 - 3*s - 5. Give u(-4).
-25
Let i(q) = -18*q + 754. Give i(42).
-2
Let g(o) = o**3 - 46*o**2 - 88*o - 392. Calculate g(48).
-8
Let d(b) = 3*b**3 + 34*b**2 - 13*b. Give d(-10).
530
Let t(y) = y**2 + 117*y + 2217. Calculate t(-93).
-15
Let x(d) = -43*d - 784. Determine x(-19).
33
Let k(w) = w**2 + 25*w + 79. Determine k(-14).
-75
Let a(b) = -90*b**2 + 9720*b + 1. What is a(108)?
1
Let o(d) = 13*d + 772. What is o(-59)?
5
Let h(x) = x**3 - 15*x**2 - 15*x - 56. Determine h(16).
-40
Let t(h) = 2647*h - 95298. What is t(36)?
-6
Let n(t) = -27*t**3 - 19*t**2 - 20*t. Determine n(-1).
28
Let d(n) = -1382*n + 55. Give d(0).
55
Let p(q) = -q**2 + 97*q + 523. What is p(102)?
13
Let d(a) = -7*a**3 - 319*a**2 + 136*a - 98. What is d(-46)?
-6
Let x(c) = -c**2 + 14*c - 102. Determine x(6).
-54
Let y(c) = 117*c + 694. Calculate y(-6).
-8
Let j(l) = l**3 + 5*l**2 + 66*l + 185. What is j(-3)?
5
Let u(g) = 12*g - 133. Calculate u(0).
-133
Let b(p) = -p**3 - 37*p**2 - 299*p + 25. Calculate b(-25).
0
Let a(w) = 135*w**2 - w - 2. Determine a(1).
132
Let j(b) = b**2 + 359*b + 5155. Determine j(-15).
-5
Let p(u) = 2*u**2 - u - 42. Calculate p(0).
-42
Let f(p) = -19*p**3 - 3*p**2 + 7*p - 1. Calculate f(2).
-151
Let g(q) = q**2 - 32*q - 262. Give g(39).
11
Let n(k) = k**3 - 13*k**2 - 44*k - 4. Determine n(16).
60
Let u(y) = -y**2 + 13*y + 224. Determine u(22).
26
Let g(v) = 2*v**3 + 16*v**2 + 13*v + 9. Calculate g(-7).
16
Let h(z) = -40*z**3 - 3*z**2 + 4*z - 3. Determine h(1).
-42
Let l(d) = 3*d**3 - 2*d**2 + 12*d - 26. Give l(2).
14
Let c(s) = s**2 + 29*s - 203. Determine c(-35).
7
Let t(n) = -2*n**2 + 118*n - 980. Give t(49).
0
Let r(d) = 9*d**2 + 235*d + 20. Calculate r(-26).
-6
Let p(t) = t**3 + 18*t**2 + 66*t - 28. Determine p(-5).
-33
Let t(c) = 158*c + 669. Calculate t(-4).
37
Let v(z) = z**3 + 10*z**2 + 18*z + 87. Give v(-9).
6
Let y(g) = -282*g - 30163. Calculate y(-107).
11
Let q(x) = x**3 - 15*x**2 - x + 45. Calculate q(16).
285
Let r(n) = 2*n**2 - 47*n - 1082. Give r(41).
353
Let k(o) = o**3 - 6*o**2 + 25*o - 156. Calculate k(6).
-6
Let x(b) = -b**3 + 131*b**2 - 507*b + 25. Give x(127).
152
Let i(h) = 4*h**3 + 140*h**2 - 142*h + 62. Determine i(-36).
-10
Let h(d) = -3*d**3 + 98*d**2 - 64*d - 23. Give h(32).
-23
Let x(l) = 3*l**3 + 53*l**2 + 14*l + 55. Give x(-18).
-521
Let w(y) = y**3 - 11*y**2 - 12*y + 6. Give w(12).
6
Let q(p) = -37*p**3 - 4*p**2 + 2*p + 2. What is q(1)?
-37
Let h(t) = -t**3 + 4*t**2 + 108*t + 396. Determine h(-7).
179
Let v(p) = 2*p**2 - 527*p - 5326. Calculate v(-10).
144
Let y(r) = r**2 - 33*r + 175. Give y(10).
-55
Let o(r) = 950*r + 21846. Determine o(-23).
-4
Let w(d) = -952*d**2 - 13328*d - 7. Calculate w(-14).
-7
Let g(s) = s**3 - 20*s**2 + 110*s - 115. What is g(10)?
-15
Let a(o) = -o**2 + 77*o - 168. Determine a(74).
54
Let g(o) = 2*o**2 + 98*o - 429. Calculate g(-53).
-5
Let v(f) = 2*f**3 + 2*f**2 - 1. Give v(-2).
-9
Let l(q) = 12*q**3 - q**2 - 4*q + 26. Determine l(3).
329
Let d(x) = 705*x - 2946. Calculate d(4).
-12